 digit of 32265032?
3
What is the ten millions digit of 279486289?
7
What is the ten thousands digit of 2049563628?
6
What is the millions digit of 1985958204?
5
What is the thousands digit of 3184086074?
6
What is the units digit of 1406719323?
3
What is the millions digit of 148945215?
8
What is the units digit of 9464533365?
5
What is the thousands digit of 391252467?
2
What is the ten millions digit of 35917285?
3
What is the ten millions digit of 1898845015?
9
What is the ten millions digit of 64843916?
6
What is the units digit of 2277451773?
3
What is the hundred millions digit of 273871301?
2
What is the thousands digit of 778114?
8
What is the ten thousands digit of 3709393134?
9
What is the units digit of 3499438983?
3
What is the hundred thousands digit of 319507882?
5
What is the millions digit of 1339126674?
9
What is the units digit of 311534342?
2
What is the ten thousands digit of 1393760345?
6
What is the ten thousands digit of 188585781?
8
What is the ten thousands digit of 26215520?
1
What is the millions digit of 3590472293?
0
What is the thousands digit of 31351142?
1
What is the tens digit of 1993944?
4
What is the tens digit of 118418967?
6
What is the ten thousands digit of 143254187?
5
What is the hundred thousands digit of 48231241?
2
What is the hundreds digit of 7101088?
0
What is the millions digit of 878061413?
8
What is the hundred thousands digit of 322002203?
0
What is the ten thousands digit of 175922566?
2
What is the millions digit of 2844949128?
4
What is the thousands digit of 191967885?
7
What is the hundreds digit of 29169165?
1
What is the hundred millions digit of 122927729?
1
What is the millions digit of 78970181?
8
What is the tens digit of 4471325097?
9
What is the units digit of 449927059?
9
What is the billions digit of 2560621377?
2
What is the tens digit of 2308984254?
5
What is the ten millions digit of 63412265?
6
What is the ten millions digit of 712254405?
1
What is the thousands digit of 1337856445?
6
What is the tens digit of 27610067?
6
What is the units digit of 715487010?
0
What is the hundred millions digit of 2583469601?
5
What is the hundred thousands digit of 678680123?
6
What is the hundred thousands digit of 29752470?
7
What is the hundreds digit of 226898617?
6
What is the hundred thousands digit of 2125700350?
7
What is the ten thousands digit of 65248139?
4
What is the hundreds digit of 359943046?
0
What is the hundred thousands digit of 1561274570?
2
What is the hundred thousands digit of 634849157?
8
What is the hundreds digit of 45892600?
6
What is the hundred millions digit of 171715632?
1
What is the thousands digit of 29463300?
3
What is the units digit of 1421584872?
2
What is the hundreds digit of 73350188?
1
What is the ten millions digit of 1284936615?
8
What is the hundreds digit of 48896001?
0
What is the tens digit of 2027257954?
5
What is the hundreds digit of 4367649812?
8
What is the thousands digit of 42361039?
1
What is the millions digit of 63714456?
3
What is the tens digit of 48424977?
7
What is the billions digit of 5578339635?
5
What is the thousands digit of 4884260220?
0
What is the units digit of 1486277459?
9
What is the millions digit of 1676662261?
6
What is the units digit of 309575330?
0
What is the tens digit of 3745330674?
7
What is the hundreds digit of 243844906?
9
What is the tens digit of 17547259?
5
What is the millions digit of 1008108790?
8
What is the hundreds digit of 1601114550?
5
What is the units digit of 155080299?
9
What is the hundred millions digit of 2579013253?
5
What is the tens digit of 49702560?
6
What is the ten millions digit of 49420861?
4
What is the tens digit of 29072130?
3
What is the units digit of 155776994?
4
What is the units digit of 373653214?
4
What is the hundred thousands digit of 324940739?
9
What is the millions digit of 759499442?
9
What is the billions digit of 1427800697?
1
What is the thousands digit of 45917204?
7
What is the ten thousands digit of 448410595?
1
What is the thousands digit of 4240318860?
8
What is the hundreds digit of 17317964?
9
What is the hundred thousands digit of 314788106?
7
What is the hundreds digit of 12003734?
7
What is the ten millions digit of 514845308?
1
What is the hundred thousands digit of 27299158?
2
What is the tens digit of 58401590?
9
What is the thousands digit of 2929016024?
6
What is the hundred millions digit of 1657421046?
6
What is the thousands digit of 83346211?
6
What is the hundred thousands digit of 497394750?
3
What is the thousands digit of 67949219?
9
What is the units digit of 66839702?
2
What is the hundred thousands digit of 871700536?
7
What is the thousands digit of 13378658?
8
What is the tens digit of 922543022?
2
What is the hundreds digit of 64214216?
2
What is the thousands digit of 40421134?
1
What is the units digit of 1975697556?
6
What is the millions digit of 209113131?
9
What is the thousands digit of 2609012?
9
What is the hundred thousands digit of 182658649?
6
What is the hundreds digit of 30212562?
5
What is the hundred millions digit of 106767453?
1
What is the hundred thousands digit of 653056395?
0
What is the billions digit of 2761546727?
2
What is the millions digit of 94934885?
4
What is the hundreds digit of 1733775260?
2
What is the units digit of 189107601?
1
What is the hundred thousands digit of 1126216445?
2
What is the ten thousands digit of 290360225?
6
What is the thousands digit of 4712738519?
8
What is the ten thousands digit of 21750281?
5
What is the ten thousands digit of 171227218?
2
What is the ten millions digit of 334681564?
3
What is the units digit of 66586021?
1
What is the units digit of 239763337?
7
What is the ten thousands digit of 24217596?
1
What is the hundreds digit of 403151133?
1
What is the hundred millions digit of 1436443207?
4
What is the billions digit of 6010657311?
6
What is the hundreds digit of 1113652397?
3
What is the billions digit of 1929557755?
1
What is the units digit of 44536657?
7
What is the ten millions digit of 1473591543?
7
What is the millions digit of 651353060?
1
What is the ten millions digit of 117196704?
1
What is the ten millions digit of 186272563?
8
What is the ten thousands digit of 34951230?
5
What is the ten thousands digit of 61097118?
9
What is the hundred millions digit of 128529402?
1
What is the ten thousands digit of 613661144?
6
What is the hundreds digit of 564218956?
9
What is the units digit of 333874595?
5
What is the hundred millions digit of 288566020?
2
What is the hundred thousands digit of 74543458?
5
What is the tens digit of 946658552?
5
What is the hundred thousands digit of 68037733?
0
What is the hundreds digit of 820822549?
5
What is the ten thousands digit of 7499173892?
7
What is the billions digit of 1036834267?
1
What is the ten millions digit of 38089376?
3
What is the ten millions digit of 1006332387?
0
What is the thousands digit of 119662762?
2
What is the ten millions digit of 28779435?
2
What is the hundred millions digit of 912893552?
9
What is the millions digit of 362266028?
2
What is the tens digit of 173992481?
8
What is the ten thousands digit of 669476627?
7
What is the hundreds digit of 4518649696?
6
What is the thousands digit of 82986503?
6
What is the millions digit of 966626776?
6
What is the hundred thousands digit of 2643885689?
8
What is the hundred millions digit of 130182095?
1
What is the ten thousands digit of 158399043?
9
What is the hundred thousands digit of 20827941?
8
What is the millions digit of 24495825?
4
What is the hundred thousands digit of 810991420?
9
What is the units digit of 518209746?
6
What is the hundred thousands digit of 4150635?
1
What is the tens digit of 50036161?
6
What is the hundreds digit of 608067930?
9
What is the hundreds digit of 521549854?
8
What is the hundreds digit of 5218636?
6
What is the hundred thousands digit of 89074806?
0
What is the thousands digit of 437035704?
5
What is the hundreds digit of 2151896992?
9
What is the millions digit of 3536778320?
6
What is the hundred millions digit of 3116941432?
1
What is the tens digit of 40794035?
3
What is the hundred millions digit of 153659199?
1
What is the ten millions digit of 916183971?
1
What is the hundreds digit 